 k(x)?
-17
Let n = 69 + -67. Let m(h) = h**3 - 2*h + 1. Determine m(n).
5
Let h(v) = v + 1. Let m(d) = 2*d + 1. Let s(l) = 4*h(l) - 3*m(l). Let b(z) = -z - 12. Let p be b(-12). Let u be 2/2*(p + 0 + -3). Calculate s(u).
7
Let g(l) = -l + 56. Let o be g(-10). Let q = o - 66. Let f(p) be the third derivative of -p**6/120 + p**5/60 + p**4/24 - 2*p**3/3 - p**2. Determine f(q).
-4
Let d(s) be the third derivative of 0 + 1/60*s**5 + 0*s + 1/24*s**4 + 1/40*s**6 - 1/6*s**3 + 2*s**2. Let j be d(1). Let w(m) = -m**2 + m + 4. Determine w(j).
-8
Suppose 27 = s + 9. Let c = s - 32. Let o = c + 16. Let i(a) = a**2 - a + 2. Calculate i(o).
4
Let y(k) = k**2 - 12 + 5*k + 6 - 9. Let f be y(-7). Let x(i) = -6*i**3 - 3*i**2 - 2. Let h(d) = d**2 + 1. Let g(p) = -3*h(p) - x(p). Give g(f).
-7
Let y(d) = -d**3 - 2. Suppose 0 = -3*m + m. Let j be y(m). Let p be ((-1)/j)/(10/(-20)). Let s(u) = 8*u**3 + 2*u**2 - 1. What is s(p)?
-7
Let q = 42 - 29. Let l(u) = -4*u - 3. Let n(t) = 2*t + 1. Let f(a) = q*n(a) + 6*l(a). Calculate f(-4).
-13
Let k(b) be the second derivative of -5*b**3/6 + 2*b**2 - b. Suppose -41 = -4*i + 2*h - 19, 4*h = -4*i - 8. What is k(i)?
-11
Let y(m) = 8*m - 6. Suppose -37*l = -26 - 85. What is y(l)?
18
Let u(d) be the first derivative of d**5/30 + d**4/8 - 10*d**3/3 - 11. Let w(n) be the third derivative of u(n). Determine w(-2).
-5
Suppose 3*m = 5*k - 2 - 17, -2*m = 4*k - 24. Let a(v) = 6*v - 2. Let x be a(m). Suppose -d - d + x = 0. Let n(l) = 2*l - 3. What is n(d)?
7
Suppose -10 + 12 = h. Suppose 0 = -3*n + 5*j + 11, -2*j = -h*n - 3 + 13. Let t(o) = -o**2 + 5*o + 10. Give t(n).
-4
Suppose 0 = q - 5*q. Suppose q*h = h. Let a(n) = 3*n**3 + 5*n**2 - 3. Let g(j) = -j**3 - 2*j**2 + 2. Let m(b) = 3*a(b) + 8*g(b). Give m(h).
7
Suppose 2*v + 0*v - 40 = 0. Let d be ((-50)/v)/((-10)/24). Let x(b) = -5*b - 3 - 2*b**2 + 12 - d*b**2 - b**3 + 0*b**3. Give x(-7).
-5
Let r(s) = 5*s**2 + 6 + 0*s**2 + 2*s**3 - s**3 - 6*s**2 + 5*s**2. Determine r(-5).
-19
Let j(n) be the second derivative of -n**4/12 + n**3 - 7*n**2/2 + 2*n. Let f be j(5). Let v be ((-3)/(-3))/(f/4). Let c(g) = -3*g. Give c(v).
6
Let w(x) be the third derivative of 7*x**5/20 + x**4/12 + x**3/6 + 106*x**2. Determine w(-1).
20
Let i(b) = b**2 + b + 1. Let n be i(2). Let d(g) = -5 + 1 + n - 4*g + 3*g. Calculate d(-4).
7
Let i be (4 + (-92)/20)*5. Let n = 12 + i. Suppose -r + 6 = n. Let j(f) = -f**3 - 2*f**2 + f. What is j(r)?
6
Let p(k) = -115*k + 122*k - 5 - 4 + k**2. What is p(-8)?
-1
Let m(l) = l**2 - 2*l - 5. Let a(s) = s + 1. Let h(w) = 4*w - 22. Let f(k) = a(k) + h(k). Let t be f(5). Give m(t).
3
Let r(v) = -v**3 - 6*v**2 - 3*v + 4. Let o(k) = -k**2 + 8*k - 13. Let q be o(4). Let s be q/(-9) + 28/(-6). Calculate r(s).
-6
Let z(l) = 50*l**2 + 9*l - 8. Let u(k) = 23*k**2 + 5*k - 5. Let f(c) = -5*u(c) + 3*z(c). Calculate f(-1).
34
Suppose 8*t + 45 = 3*t + 5*j, 4*j - 16 = 0. Let n(l) = l + 138 - 133 + 4*l. Let d(v) = 4*v + 5. Let a(k) = t*n(k) + 6*d(k). Calculate a(0).
5
Let y = -32 + 13. Let c = y - -19. Let i(j) = j + 1. Calculate i(c).
1
Let b(j) = -j**2 - j + 4. Let g be 2/3 - (-2 + (-80)/(-12)). Give b(g).
-8
Let m be (4/10)/((-2)/(-10)). Let s(r) = -9*r + 92. Let p be s(10). Let q(a) = a**p + 3*a + 2*a + 6 + 0*a + m*a. What is q(-5)?
-4
Let a be ((-6)/(-8) + 1/(-4))*0. Let j(f) be the second derivative of -f**3/6 + 3*f**2/2 - 62*f. What is j(a)?
3
Let r(h) = h**3 - 13*h**2 + 13*h. Let c be r(12). Let q be (-21)/c + -2*1/8. Let k(n) = 2*n**2 + 0*n**2 + 2*n**3 + 0*n**2. Calculate k(q).
-8
Let z(y) = -y**2 + 12*y - 10. Suppose -94 = -o - o. Let f be 15/(-20) + o/4. Let i be z(f). Let u(t) = 5*t - 1. Determine u(i).
4
Let f(g) be the second derivative of g**5/20 - g**3/2 + 410*g. Suppose 3*z - 6*z - 4*m - 4 = 0, 5*z - 2 = 2*m. Suppose 5*r + z - 15 = 0. Give f(r).
18
Let f = -1129 - -1136. Let s(n) = -n**3 + 7*n**2 - 5*n + 3. Determine s(f).
-32
Let n(o) be the first derivative of -8*o**2 + 3*o - 29. What is n(2)?
-29
Let s(q) = 2*q - 6. Let f(j) = 3*j - 12. Let z be f(2). What is s(z)?
-18
Let d(o) = -2*o + 2 - 2044*o**2 + 2048*o**2 - 3*o**3 + 2*o**3. Determine d(3).
5
Let h(x) = -24*x - 24. Let w(v) = -5*v - 5. Let p(z) = 3*h(z) - 14*w(z). Let c = -5 + -2. Determine p(c).
12
Let y(j) be the second derivative of -1/6*j**3 + 14*j + 5/2*j**2 - 1/20*j**5 + 1/12*j**4 + 0. Give y(0).
5
Suppose -18 = -7*c + 3. Let r(d) = -d**c - 2*d + 2*d**3 + 114*d**2 - 111*d**2 + 0 + 5. Determine r(-4).
-3
Suppose -q - 836 = -12*q. Let w(f) = q*f + 2 - 78*f - 6. What is w(7)?
-18
Suppose -53*q + 650 = 12*q. Let p(s) = s**2 - 11*s - 4. Determine p(q).
-14
Let c = -23 + 12. Let h(l) = l**3 + 6*l**2 - 2*l - 5. Let d(w) = 2*w - 3 + 11*w**2 - 6 + 2*w**3 - 6*w + 0*w**3. Let v(p) = c*h(p) + 6*d(p). What is v(1)?
0
Suppose -f + 14 = -2*w - 2*f, 5*w = -5*f - 35. Let d(c) = c**2 + 7*c + 2. What is d(w)?
2
Let y(k) = -k**2 + 9*k - 13. Let m be y(2). Let p(c) be the third derivative of 7*c**4/24 - c**2. Let r(l) = -84*l. Let h(x) = -49*p(x) - 4*r(x). Give h(m).
-7
Suppose -64 = -6*v + 20. Let z(g) = g - 12. Determine z(v).
2
Let c(z) = -2*z**2 - 5*z + 15. Let w(m) = -m**2 - 2*m + 8. Let a(g) = -4*c(g) + 7*w(g). Let q(i) = -15*i + 277. Let t be q(19). Determine a(t).
12
Let u(a) = -26*a**2 - a - 1. Let c = 312 + -313. Give u(c).
-26
Let h(y) = 13*y + 15*y + 16*y - 45*y - 8*y**2. Give h(1).
-9
Let g = 56 - 223/4. Let x(p) be the first derivative of 8*p - 7 - 3/2*p**2 - g*p**4 - 7/3*p**3. What is x(-6)?
-10
Let s(p) = -5*p**2 - 10*p - 10. Let x(l) = -14*l**2 - 29*l - 29. Let q(t) = -11*s(t) + 4*x(t). Suppose j = -y - 8, 0*j + 2*j = -4. What is q(y)?
-6
Let b be 8/(-2)*-4 + 0. Let h = 67 + -41. Let z(t) = h*t - b*t - 2 - 11*t. Determine z(6).
-8
Let d(w) = -3*w + 2. Let h(f) = -2*f**3 + 11*f**2 + 8*f - 11. Let b be h(6). What is d(b)?
-1
Let h(r) = r**3 + 5*r**2 - 7*r - 9. Suppose -2*b = -3*j + 152, -3*j + 77 + 65 = -4*b. Suppose -j = -0*t + 9*t. Determine h(t).
-3
Let m(q) = -q**3 - 4*q**2 + 4*q - 4. Let r be m(0). Let h(g) = g**3 + 7*g**2 + g - 4. What is h(r)?
40
Let j(t) = 24*t + 11. Let p(c) = 13*c + 6. Let a(z) = 6*j(z) - 11*p(z). Calculate a(-5).
-5
Let x = 315 + -312. Let k(b) be the first derivative of -1/3*b**x - b + 3/2*b**2 + 1/4*b**4 - 4. What is k(2)?
9
Let c(d) = d**2 - 4*d + 3. Let z be c(4). Suppose -5*y + z*y + 6 = 0. Let m(o) = -4 + 5*o**2 - 4*o + 5*o - y + 8. What is m(-1)?
5
Let t(k) = -k**3 - 19*k**2 - 17*k + 18. Let o be t(-18). Let d(q) = -q**2 + q + 16. Calculate d(o).
16
Let q(f) = f**3 - 12*f**2 - 13*f + 17. Let a = -89 + 102. What is q(a)?
17
Let s(b) = -13*b**2 + 1. Let j be s(1). Let k be ((j/(-7))/(12/56))/(-1). Let n(v) = v**2 + 6*v - 11. What is n(k)?
5
Suppose -z = 2*z. Suppose z = v + 2*b, 4*v + b = 6*v - 10. Let p(k) be the second derivative of -k**4/12 + k**3/3 - 3*k**2/2 - 41*k - 2. Give p(v).
-11
Let g(r) = -2*r**2 - 3*r + 4. Let z be 1 + (-560)/15 - 4/6. Let h = z - -34. Give g(h).
-5
Let i(v) be the third derivative of 0*v - 1/12*v**5 + 0 + 1/24*v**4 - 36*v**2 + 0*v**3. Determine i(-1).
-6
Suppose 4*t + 4*s - 36 = 0, 5*t - 4*s = -2*s + 10. Let r be 39/(-26) - 6/t. Let j(f) = -f**3 - 2*f**2 - f + 3. Calculate j(r).
15
Suppose 9*k = 39 + 6. Let x(m) = 0*m + m - 1 - 5 + k. Let f be (-5 - -1) + 2/(-2). Give x(f).
-6
Let x(b) = 2*b + 8. Let z be 65/26 + (-10)/(-4). Suppose -q + 35 = -z*a, -3*a + 5*q = -2*a + 7. Give x(a).
-6
Let o(k) = 2*k**2 - 4*k + 3. Let a = 25 - 86. Let n = a - -64. What is o(n)?
9
Suppose -4*s + 18 = i - 0*i, 2*s - 12 = -2*i. Let l(o) = -o**2 - 2*o + 7*o - 2*o - o**3 - i. Calculate l(-3).
7
Let b(h) be the first derivative of -h**2/2 - 3*h + 201. Give b(13).
-16
Let k(i) = -32*i - i**3 + 4*i**2 - 1 + 37*i + 0*i**3. Let n be ((-1)/(-2))/((-1)/10). Let x = n - -10. Calculate k(x).
-1
Let c(i) = -6*i + 14. Let n(j) = j**2 + 24*j + 115. Let z be n(-7). Determine c(z).
38
Let n(a) be the third derivative of a**5/60 - a**4/3 + a**3/3 + 23*a**2. Calculate n(9).
11
Let m(k) be the third derivative of -k**4/24 - 2*k**3/3 + 5*k**2. Let v be m(-6). Let w(g) = -g**2 + 6 - 5 + 0*g**v + 12. Determine w(0).
13
Let j be 2/(-3) + 5 + (-224)/42. Let l(v) = -4*v + 4. Calculate l(j).
8
Let a(w) = w**2 + 4*w + 1. Let z = 34 - 38. Let b = z + 1. Determine a(b).
-2
Let w(h) be the first derivat